Let s(c) = -4*c**2 - 804*c + 12533. Give s(16).
-1355
Let g(u) = -u**3 - 59*u**2 - 354*u + 4808. Give g(-50).
8
Let h(s) = 7038*s + 21457. Calculate h(-3).
343
Let a(g) = 2*g**2 - 1203*g + 67180. Determine a(539).
-195
Let y(c) = c**2 - 56*c + 486. Determine y(33).
-273
Let t(k) = -817475*k - 23706770. Give t(-29).
5
Let t(x) = -104*x**2 - 35739*x - 22968. Calculate t(-343).
13
Let c(d) = -d**2 + 926*d + 3372861. Determine c(-1431).
-6
Let g(o) = 987*o**3 + 4*o**2 - 32*o - 36. Calculate g(-1).
-987
Let g(u) = -11*u**2 - 135*u + 876. What is g(-17)?
-8
Let q(h) = -17346*h**2 - 17306*h - 1. Determine q(-1).
-41
Let a(z) = 700*z**2 - 1848*z - 758. Give a(3).
-2
Let g(u) = -u**3 - 315*u**2 + 26088*u + 16867. Calculate g(-383).
15
Let t(d) = -d**3 - 63*d**2 - 210*d - 1882. Calculate t(-60).
-82
Let g(o) = -176*o**2 - 936*o + 931. What is g(1)?
-181
Let z(i) = -2*i**2 + 173*i - 4071. Calculate z(24).
-1071
Let t(r) = -r**3 - 251*r**2 - 1455*r + 106. Calculate t(-6).
16
Let j(y) = -2*y**3 - 44*y**2 - 47*y - 1373. What is j(-24)?
2059
Let l(z) = -290*z**2 + 697*z - 135. Give l(2).
99
Let w(l) = -21184*l - 444863. Calculate w(-21).
1
Let p(b) = b**2 + 206412*b + 4334206. Give p(-21).
-5
Let k(b) = -4*b**3 - 70*b**2 - 31*b - 402. What is k(-17)?
-453
Let o(i) = 9221*i - 138836. What is o(15)?
-521
Let f(v) = 2*v**3 + 4*v**2 - 243*v - 728. What is f(-3)?
-17
Let t(m) = 926*m + 848. What is t(-1)?
-78
Let d(u) = -u**2 - 20364*u - 1238477. Give d(-61).
6
Let d(j) = 21574*j - 539354. Determine d(25).
-4
Let x(a) = 11*a**2 - 39260*a - 749911. Give x(-19).
0
Let v(o) = -15*o**3 + 527*o**2 + 37*o + 21. What is v(35)?
3766
Let m(i) = 443*i + 28482. Give m(-64).
130
Let p(h) = 1494*h + 52154. Determine p(-35).
-136
Let l(p) = 3140*p - 56460. Calculate l(18).
60
Let a(i) = 22764*i + 978886. Calculate a(-43).
34
Let g(h) = 846*h - 25140. Calculate g(31).
1086
Let u(m) = 8*m**3 - 84*m**2 - 10*m + 52. What is u(11)?
426
Let o(y) = -2699*y + 21954. Calculate o(8).
362
Let u(f) = -564*f - 27212. What is u(-51)?
1552
Let x(f) = f**2 - 1338*f - 165632. Determine x(-114).
-104
Let n(w) = 80267*w + 561878. What is n(-7)?
9
Let j(g) = -g**3 + 557*g**2 - 583*g + 15261. Determine j(556).
249
Let x(m) = -17879*m + 804558. Give x(45).
3
Let y(b) = 296*b + 114245. Calculate y(-386).
-11
Let l(m) = m**3 - 7*m**2 + 230967*m - 1616767. Calculate l(7).
2
Let t(u) = 3*u**2 + 43*u + 238. Calculate t(-22).
744
Let a(x) = -2*x**3 + 2304*x**2 - 4641*x + 47148. What is a(1150)?
-2
Let f(s) = 2*s**2 - 1958*s + 240383. Determine f(144).
-97
Let p(w) = 23*w**2 + 560*w + 106. What is p(-25)?
481
Let o(t) = 6*t**2 - 20455*t + 81768. What is o(4)?
44
Let c(q) = -251*q - 26426. Determine c(-103).
-573
Let v(c) = -27062*c + 433007. Give v(16).
15
Let s(l) = -1980*l - 43318. Determine s(-23).
2222
Let c(r) = -r**2 + 334*r + 3431. Calculate c(-10).
-9
Let w(y) = 1508*y - 257804. Give w(171).
64
Let q(x) = 3*x**3 - 27*x**2 + 436*x - 5275. What is q(11)?
247
Let k(n) = 2*n**3 - 366*n**2 - 4*n - 66985. Give k(184).
-9
Let t(n) = 7*n**3 + 40*n**2 + 169*n + 114. Determine t(-3).
-222
Let z(f) = -f**3 + 10*f**2 + 6468*f - 64651. What is z(10)?
29
Let s(l) = 2*l**3 - 853*l**2 - 26905*l + 575. Determine s(456).
119
Let h(x) = 1016*x + 23700. Give h(-24).
-684
Let i(l) = l**2 + 1535*l - 4609. What is i(3)?
5
Let z(b) = -1751*b**3 + 22762*b**2 - 26*b + 82. Give z(13).
-425
Let a(m) = -3937*m - 814948. Determine a(-207).
11
Let o(s) = -8*s**2 - 1184*s - 3495. Determine o(-3).
-15
Let f(p) = -4*p**3 + 97*p**2 - 639*p + 596. Calculate f(10).
-94
Let o(m) = -2120*m + 38348. Determine o(18).
188
Let n(t) = 4571*t + 13693. What is n(-3)?
-20
Let q(f) = 910*f - 10432. Calculate q(11).
-422
Let s(h) = h**3 - 66*h**2 - 328*h + 17114. What is s(67)?
-373
Let c(f) = f**3 - 264*f**2 + 867*f + 2169. Calculate c(5).
29
Let y(c) = c**2 - 175*c + 5867. Give y(63).
-1189
Let o(v) = 118*v**2 - 1984*v - 508. Calculate o(17).
-134
Let j(k) = -103462*k - 310421. What is j(-3)?
-35
Let x(g) = 4*g**3 + 2254*g**2 + 10073*g + 6272. Calculate x(-559).
123
Let c(z) = z**2 + 3145*z + 18851. Calculate c(-6).
17
Let p(c) = 2*c**3 + 109*c**2 + 429*c - 978. Calculate p(-50).
72
Let g(z) = 104*z - 717. What is g(-4)?
-1133
Let c(n) = 4*n**3 - 84*n**2 + 361*n + 705. What is c(13)?
-10
Let n(i) = 136*i**2 - 3802*i - 18. Give n(28).
150
Let i(a) = a**2 - 7439*a - 179116. What is i(-24)?
-4
Let h(y) = -2*y**3 + 70*y**2 - 30*y - 3371. Calculate h(33).
-5
Let d(m) = m**3 - 102*m**2 - 645*m + 419. Calculate d(108).
743
Let m(k) = 2*k**2 - 1198*k + 115774. Calculate m(478).
98
Let l(a) = 4600*a - 87162. Determine l(19).
238
Let s(m) = 206261*m - 4125231. Calculate s(20).
-11
Let a(n) = n**3 + 27*n**2 - 8*n + 23. What is a(-27)?
239
Let k(b) = -691*b**2 - 15894*b - 7. Determine k(-23).
16
Let u(c) = 7540*c + 22630. What is u(-3)?
10
Let x(v) = -v**3 - 9*v**2 + 22*v - 384. Calculate x(-13).
6
Let l(s) = 35*s**2 + 448*s - 22. What is l(-13)?
69
Let r(a) = 8932*a + 643112. Determine r(-72).
8
Let q(u) = 2*u**3 + 31*u**2 + 2*u + 118. Determine q(-13).
937
Let j(p) = -40*p**3 - 397*p**2 - 30*p - 646. Calculate j(-10).
-46
Let w(q) = -q**2 - 41*q + 4237. Give w(-83).
751
Let n(g) = -342*g**2 - 438*g - 437. Determine n(-1).
-341
Let f(h) = -2152*h + 2640508. Give f(1227).
4
Let k(i) = 914*i + 631561. What is k(-691)?
-13
Let o(s) = s**3 + 290*s**2 - 218*s - 146531. Determine o(-289).
-8
Let y(q) = -q**3 + 16*q**2 - 15277*q + 275608. Determine y(18).
-26
Let q(x) = x**3 - 10*x**2 - 351*x + 4598. Calculate q(12).
674
Let b(p) = p**2 - 410*p - 3953. Give b(-10).
247
Let v(j) = 1807*j - 95670. Determine v(53).
101
Let s(v) = v**3 - 3*v**2 - 482*v - 39. Determine s(-20).
401
Let w(g) = 13910*g**2 + 222566*g + 104. Determine w(-16).
8
Let d(p) = -p**3 - 64*p**2 - 656*p + 382. Calculate d(-51).
25
Let z(w) = w**3 - 17*w**2 - 443*w + 7511. Determine z(18).
-139
Let v(x) = 2*x**3 - 1519*x**2 - 13519*x + 355569. Determine v(768).
-15
Let x(w) = -2*w**3 + 6*w**2 + 41*w + 380. Give x(10).
-610
Let q(k) = 138*k**2 + 7745*k + 1040. Calculate q(-56).
88
Let a(p) = -487545*p - 7800737. Give a(-16).
-17
Let l(k) = 6548*k - 242419. Calculate l(37).
-143
Let c(r) = 2*r**3 - 55*r**2 + 298*r + 124. Give c(10).
-396
Let f(l) = -l**2 + 629*l + 221957. What is f(-252)?
-55
Let n(l) = 39*l**2 - 3187*l - 3185. What is n(-1)?
41
Let c(r) = 1921*r**2 - 5682*r + 11. Calculate c(3).
254
Let r(f) = 78*f**2 - 500*f + 160. Give r(5).
-390
Let h(p) = -89*p**2 - 618*p + 1227. What is h(2)?
-365
Let w(g) = -7*g**2 - 10390*g - 72415. Calculate w(-7).
-28
Let y(h) = 4*h**3 + 359*h**2 + 270*h + 285. Give y(-89).
18
Let p(n) = 3*n**3 - 17*n**2 + 1191*n - 7201. Determine p(6).
-19
Let k(g) = 11177*g + 1128872. What is k(-101)?
-5
Let c(a) = a**3 - 72*a**2 - 2173*a + 291. What is c(-23)?
15
Let p(z) = 3*z**2 + 1709*z + 13456. Calculate p(-8).
-24
Let n(a) = -a**3 + 142*a**2 + 2895*a - 2382. Calculate n(160).
18
Let k(p) = -p**3 + 6*p**2 - 12526*p + 62569. What is k(5)?
-36
Let a(y) = y**2 - 1612*y + 527109. Determine a(456).
-27
Let d(s) = -595*s - 21975. Give d(-37).
40
Let u(l) = -1486*l + 77339. Determine u(52).
67
Let l(k) = 8678*k - 86724. Give l(10).
56
Let f(i) = -2*i**3 + 13*i**2 + 37*i - 28. Calculate f(15).
-3298
Let x(c) = -c**2 - 1072*c + 36640. Give x(33).
175
Let x(y) = -20940*y + 418626. What is x(20)?
-174
Let o(q) = 20161*q + 645179. Calculate o(-32).
27
Let t(m) = 53*m**2 - 1053*m - 128. Give t(20).
12
Let h(z) = -84*z - 6603. What is h(-141)?
5241
Let t(j) = -673*j - 23545. Calculate t(-35).
10
Let l(g) = -17284*g + 19029683. Calculate l(1101).
-1
Let l(r) = -7109*r + 45506. Determine l(6).
2852
Let k(i) = 12*i**2 - 5783*i + 56685. Give k(10).
55
Let p(b) = 50070*b**2 + 751054*b + 53. Calculate p(-15).
-7
Let q(d) = -1791*d**2 - 1768*d + 27. What is q(-1)?
4
Let t(s) = -3774*s + 652897. Calculate t(173).
-5
Let h(c) = -399715*c - 1998625. What is h(-5)?
-50
Let t(m) = -58*m**3 + 178*m**2 - 766*m + 9. Determine t(4).
-3919
Let o(i) = 10*i**3 - 95*i**2 + 142*i - 167. Calculate o(8).
9
Let z(l) = 457515*l + 1830138. Determine z(-4).
78
Let z(q) = -q**3 + 1141*q + 9495. Calculate z(-9).
-45
Let a(m) = -3764*m + 218271. Calculate a(58).
-41
Let y(v) = -v**3 + 12*v**2 - 3*v - 55